y(m) = -m - 3. Let k(f) = -f - 5. Let o(c) = -4*k(c) + 7*y(c). Suppose 2*q = -2*a + 2, 11*a = 15*a + 4. Give o(q).
-7
Suppose -5*n = 4*i + 16 - 41, 0 = 3*n - i - 15. Let x(w) be the third derivative of -w**6/120 + w**5/12 + w**4/12 - 2*w**3/3 - 3*w**2. Calculate x(n).
6
Let p(z) = 2*z + 6 - 12*z**2 + 13*z**2 - 3. Let j(q) = 3*q**2 + 7*q + 9. Let s(i) = -4*j(i) + 11*p(i). Determine s(-6).
-3
Let t(p) = 12. Let h(v) = -v. Let w be (-3)/(-15)*1/2*10. Let b(u) = w*h(u) - t(u). Determine b(-6).
-6
Let h be 12/28 - (-571)/7. Let j(b) = -h*b + b**3 + 82*b + b**2. Determine j(-1).
0
Let k(s) = 2*s + 1 - 5*s + 3*s - s + 2*s. Give k(1).
2
Let o(j) = j - 59. Let p(u) = -u + 50. Let y(q) = -5*o(q) - 6*p(q). Determine y(-9).
-14
Suppose -4*k + 1 = -5*d, -5*k + 2*d + 0 = 3. Let i(u) = 8*u**3 - u**2 - 2*u - 2. Calculate i(k).
-9
Let y be (6 + -5)/(2/10). Suppose 0 = y*j - 8 - 7. Let z(p) = -2*p**2 + 2*p - 2. Calculate z(j).
-14
Let v(g) = -333*g + 998*g - 332*g + 3 - 334*g + 0. Calculate v(10).
-7
Let b(k) = k**3 + k + 13. Let j be 68/11 - (-4)/(-22). Let a(g) = 3*g**3 + 6*g + 19 + j + 1 - 4*g. Let i(n) = 2*a(n) - 5*b(n). Give i(0).
-13
Let r(d) = -d**2 + 3*d + 27. Let t be r(-5). Let i(w) = 4*w + 10. What is i(t)?
-42
Let l(f) be the third derivative of -f**6/120 - f**5/20 + f**4/8 - 5*f**2 - 3*f. Determine l(-5).
35
Let q(d) = -2*d**3 + 23*d**2 - 25*d - 2. Let n(t) = -t**3 + 11*t**2 - 12*t - 1. Let x(k) = 7*n(k) - 3*q(k). Give x(7).
-15
Suppose 11 = -p + 16. Suppose -2*j + 15 = p*q, q + 2*j - j = 0. Let z(o) = o**3 - 7*o**2 + 8*o - 4. What is z(q)?
-14
Let f be (-18 - -18)/(-1 - 3). Let r(i) = -i - 12. Determine r(f).
-12
Let q(l) = -l**2 - 5*l + 8. Suppose -5*z = -4*w + 28, -5*w - z + 3 + 3 = 0. Suppose 3*y + 5 = -w*m, 4*m = -3*y + 8*y + 45. Let a = y + -1. Calculate q(a).
2
Let z be 2/37 + (-14824)/(-5032). Let f(r) be the second derivative of 5*r**2 - 1/6*r**z + 0 - 3*r. What is f(0)?
10
Let h be -6 + (-1 - (-12)/6). Let w(g) = 2*g - 7. Determine w(h).
-17
Suppose -16*h - 11*h = -27. Let d(i) = -5*i + 2. Calculate d(h).
-3
Let g(b) = -3*b - 1. Let z be 6/2*4/(-6). Determine g(z).
5
Let s = 5 - 13. Let h(z) = -5*z + 2 + 6*z + 6. Determine h(s).
0
Let s(h) = -h**2 + 4*h + 1. Let m be 9 - (-25)/(-6 + 1). What is s(m)?
1
Let a(p) = 2*p**2 - p + 9. Let h be a(0). Let z(b) = -2*b**2 + 6*b - h + 16 + b**2. Give z(8).
-9
Let o(p) = -411*p + 807*p - 38 - 399*p. What is o(-11)?
-5
Let j = 394 - 397. Let f(i) = -4 - 2*i - 5*i - i**2 + 2*i. What is f(j)?
2
Let b be (-127)/(-5) + 2/(-5). Suppose -5 = -5*z - b. Let t(g) be the third derivative of -g**5/60 - g**4/12 - 5*g**3/6 + 10*g**2. Give t(z).
-13
Let n = 22 + -18. Suppose s - 2*f = 4*s - 5, 4*s - 4 = -n*f. Let i(q) = -26 - q + 26 - 8*q**s + q**2. Determine i(1).
-8
Let o(t) be the first derivative of 2*t**3 - 5 + 4*t - 3*t**2 - 1/4*t**4. Give o(5).
-1
Let v be 2/(-5) + 5/((-75)/(-171)). Let y(i) = -33*i + 21*i + v*i + i**3 + 18. What is y(0)?
18
Let x(a) be the first derivative of -a**5/60 - a**4/4 - a**3/2 - 3*a**2 + 6. Let z(f) be the second derivative of x(f). What is z(-4)?
5
Let p(c) = 1 - 3*c - 4 + 2*c - 2*c**2. Suppose -602*w = -423*w + 537. Give p(w).
-18
Let y(h) be the first derivative of h**4/24 - h**3/2 - 11*h**2/2 - 4. Let b(t) be the second derivative of y(t). What is b(5)?
2
Let k(y) = 1 + 11*y**2 + 8 + y**3 + y**2 - 2*y**2 - 7*y**2. Determine k(-4).
-7
Let n(k) = -8*k + 26 - 2*k - 2*k + 14*k. Calculate n(-17).
-8
Let u(t) = -t**3 + 53*t**2 - 151*t + 60. Let m be u(50). Let v(i) = 3*i - 26. Determine v(m).
4
Let g(y) = -1885 - 1885 + 3769 + y. Give g(1).
0
Let q(h) = -h**3 + 11*h**2 - 10*h + 3. Let x be q(10). Suppose -3*w = x - 12. Let d be (-1)/w + (-34)/6. Let s(j) = -j**2 - 4*j + 4. Give s(d).
-8
Suppose 5*v = 4*g - 1 - 12, -24 = 3*g + 3*v. Let w(c) = c**2 + 3*c + 1. Give w(g).
1
Let z(m) = -m - 11. Let x(n) = 23*n**2 - 6*n - 5. Let c be x(-2). Let y = -108 + c. Calculate z(y).
-2
Let n(o) = 169 + o + 3*o**2 - 169 + 2*o**2. Let u be n(-1). Let k(w) = -1 - 4 + w + w**3 - 4*w**2 + 3. Calculate k(u).
2
Let x(j) = -1358*j - 2 + 1359*j + 1. Determine x(-3).
-4
Let q(a) = -7*a. Suppose 9 = 4*m - 3. Let t(z) = z**2 - 7. Let o be t(-4). Suppose o = -5*y + r, -2*y - m*r + 9 = y. Calculate q(y).
7
Suppose 13 = 3*p + 5*u - 18, p = -4*u + 22. Let f(h) = 25*h**3 + 1 - 24*h**3 + h - 2*h**2 + 5*h - 5*h. Determine f(p).
3
Let g(d) = -2*d**2 - 129*d - 901. Let j be g(-8). Let w(z) = -12*z + 2. Let t = 1 + -2. Let p(u) = -u. Let l(n) = t*w(n) + 5*p(n). Give l(j).
19
Let a(v) be the third derivative of -v**5/30 + v**4/6 + v**3/3 + 414*v**2. What is a(-1)?
-4
Let a = -11 - -8. Let g(j) = 2*j + 1. Let u(m) = m. Let z = -247 + 252. Let c(y) = a*g(y) + z*u(y). What is c(-3)?
0
Suppose -2*l - 4*n = -l, 3*n = l - 7. Let x(m) = 4*m**3 - 4*m - 5. Let u(f) = -7*f**3 + f**2 + 8*f + 10. Let j(q) = 3*u(q) + 5*x(q). What is j(l)?
5
Let f(c) be the first derivative of -1/4*c**4 - 4/3*c**3 - 15 + 5/2*c**2 + 5*c. Suppose 5*s + 15 = -10. Give f(s).
5
Let d(r) = 2*r + 1. Suppose -c = 4*c + 4*f + 75, -4*f = 0. Let o(u) = -u**2 - 15*u - 6. Let q be o(c). Give d(q).
-11
Let l(n) = 7*n**2 - 6*n - 7. Let f(q) = -3*q + 6*q + 6 - 16*q**2 + 3*q + 10*q**2. Let g(j) = -6*f(j) - 5*l(j). What is g(5)?
-6
Let n(k) = 4*k + 9. Let c = -235 - -232. Calculate n(c).
-3
Let b(h) = 1 - 2 - h + 7 - 4 - h**2. Let u(p) = 3*p - 2. Let y(t) = 16*t - 11. Let o(x) = 11*u(x) - 2*y(x). Let q be o(-2). Calculate b(q).
0
Let s(h) = -2*h**2. Let f(j) = 11*j**2 + j + 10. Let x(c) = f(c) + 5*s(c). Calculate x(0).
10
Let b(j) = 4*j**3 + 2*j**2 - j. Suppose 5*x = 5*q, 5*q - 22 = x - 18. Calculate b(x).
5
Let t(g) = 5*g - 20. Let n(k) = -3*k + 20. Let m(u) = -4*n(u) - 3*t(u). Determine m(-8).
4
Let q(h) = -4*h - 12. Let g be (-78)/16 + 76/(-608). What is q(g)?
8
Let n(b) be the first derivative of -b**2 - 1 + 1 - 1 + b. Let f be 7 + -8 + -1 + 0 + 1. Calculate n(f).
3
Let w(z) be the third derivative of -z**6/120 - z**5/60 + z**4/8 - z**3/3 + 761*z**2 + 2. Determine w(0).
-2
Let b(i) = -62*i**2 + 3*i + 6 + 60*i**2 - 11*i. What is b(-7)?
-36
Let x(r) be the second derivative of r**5/20 + r**4/2 + 2*r**3/3 - 5*r**2/2 + 2*r. Let s be (-1)/(2 - (-36)/(-16)). Let c = -1 - s. Determine x(c).
0
Let g(i) = i**3 - 27*i**2 + 27*i - 17. Let o be g(26). Let z(l) = l**3 - 10*l**2 + 9*l + 1. Determine z(o).
1
Let g(p) = p**2 - 9*p + 8. Let b be g(8). Let v(l) = l**3 + 4*l**2 - 2*l - 5. Let t be v(-2). Let a(d) = -3*d + 0*d - 4 + 4*d + t. Determine a(b).
3
Let t = 154 - 156. Let z(d) = 3*d**3 + 2*d**2 - 3*d - 3. Calculate z(t).
-13
Suppose 3*b = -4*n - 8, 3*b - 2*n - 37 = 3*n. Let f(c) be the second derivative of 0 - 3/2*c**2 - 2*c - 5/6*c**3 - 1/4*c**4 + 1/20*c**5. Determine f(b).
-7
Suppose -25*r + 5 = -20*r. Let t be (2*r)/(44/(-110)). Let j(f) = -f**3 - 4*f**2 + 6*f - 5. Calculate j(t).
-10
Suppose -3*x - 7*x = -90. Let g(z) = 3*z + x + 2*z - 10. Determine g(-1).
-6
Let v(t) = -t**3 - t - 1. Let y be (-8)/2 - -8 - 1. Let s be -5*(-3)/(0 + y). Let i(n) = -11*n**3 - 3*n - 6. Let z(d) = s*v(d) - i(d). Calculate z(1).
5
Let c = -11 - -5. Suppose r + 5 = 0, 0*r - 18 = z + 4*r. Let f(g) = g**2 - 2*g + 5*g + 5*g - z + 8. Determine f(c).
-6
Suppose 0 = -2*a + v + v - 12, -3*v = a + 6. Let q(k) be the third derivative of -1/24*k**4 - 5/6*k**3 + k**2 + 0 + 0*k. Determine q(a).
1
Suppose 0 = -5*b - 4*o + 10, 3*o + 11 = 4*b + 3. Let f(u) = 0*u + u + b*u + 5 - u. Let w = -11 - -7. Give f(w).
-3
Let q(a) = -74 + 141 - 77 + 11*a**2 - a**3 - 13*a. What is q(10)?
-40
Let w be (-7 + 2)*1 + 6. Let g(a) = -7*a**3 + 2*a**2 - 2*a + 1. Determine g(w).
-6
Suppose -1 = -2*l - 3*h - 0, 0 = -2*h - 6. Let a be (-1)/(-1) - (0 + l). Let m(i) = -3*i - 30 + 0*i - 12 + 36 + 0*i. What is m(a)?
6
Let g(t) = 5*t - 4. Let p(f) = -40*f + 30. Let q(d) = 15*g(d) + 2*p(d). Give q(-1).
5
Let p = 173 + -178. Let s(g) = g**2 + 6*g + 5. Determine s(p).
0
Let w(o) be the first derivative of -o**4/2 + o**3/3 - o**2/2 + o - 528. Calculate w(1).
-1
Let k(r) = 5*r**3 + 2*r**2 - 2*r + 1. Let d be -2 - 1/(5/(-130)). Suppose -d = -4*s + 4*w, 3*w + 9 = 5*s - 11. Give k(s).
6
Let v = -55 - -46. Let h = 3 + v. Let k(r) = -2*r - 5. Give k(h).
7
Let t be (27/(-15))/((-24)/(-40)). Let g(q) = -q**3 + 2*q**2 + q - 4. What is g(t)?
3